ors of ((-6)/(-4) + -1)*m?
37
Let d = -13 + 25. Let c(k) = 26*k - 87. What are the prime factors of c(d)?
3, 5
Let o(m) be the first derivative of 2*m**3/3 + 3*m**2 - 8*m - 14. What are the prime factors of o(-8)?
2, 3
Suppose -10*r + 8750 = -7*r - 5*q, -2*q = -10. What are the prime factors of r?
3, 5, 13
Suppose 4*g + 6*k - 1787 = 3*k, 0 = -2*g - 3*k + 901. List the prime factors of g.
443
Let t(f) = f**2 - 20*f - 4. Let g(u) = u**2 - 20*u - 5. Let a(b) = 4*g(b) - 5*t(b). What are the prime factors of a(8)?
2, 3
Let h = -456 - -542. List the prime factors of h.
2, 43
Let m be 3 + 8/(-6)*6. Let b(n) = n**3 + 9*n**2 + 9*n. List the prime factors of b(m).
5, 11
Let h(c) = -c - 25. Let b(w) = -3*w - 49. Let r(o) = 2*b(o) - 5*h(o). What are the prime factors of r(13)?
2, 7
Let u(p) = p**2 + 14*p + 82. What are the prime factors of u(-32)?
2, 7, 47
Let y = 17 - 11. Suppose y*n + 564 = 10*n. Suppose n = 6*r - 51. What are the prime factors of r?
2
Suppose 0 = 8*a - 5500 - 11516. List the prime factors of a.
3, 709
Let i(r) = -53*r + 318. Let u be i(6). Let x(z) = -2*z + 5*z**2 + 6 - 3*z**2 - 3*z**2. List the prime factors of x(u).
2, 3
Let o = 4003 + -656. What are the prime factors of o?
3347
Let h(q) = q**3 + 10*q**2 - 7. Let i be h(-10). Let x = i - -17. What are the prime factors of x?
2, 5
Suppose 0 = -g - g + 52. Suppose -5*i = g + 49. List the prime factors of -3 + (0 - i) - -2.
2, 7
Suppose 0 = 9*v - 6889 - 1103. List the prime factors of v.
2, 3, 37
Suppose -2*n - 6*n = 0. Let s = 5 + -2. Suppose n = -2*t + 4, 2*c + s*t - 6*t - 2 = 0. List the prime factors of c.
2
Let h(j) = 3*j**2 - 35*j + 230. What are the prime factors of h(-31)?
2, 2099
Let n = 25 + -17. Suppose 0 = -n*i + 3*i + 840. What are the prime factors of i?
2, 3, 7
Let k(w) = w**3 + 17*w**2 + 11*w - 11. Let l be k(-16). Let d = 80 - l. What are the prime factors of d?
11
Suppose -3*b + 4256 = 13*b. List the prime factors of b.
2, 7, 19
Let y(v) = 81*v**3 - 2*v**2 - 5*v. List the prime factors of y(3).
2, 3, 359
Suppose -4*p + 2*x + 34 = 0, 4*x = -3*p - 2 - 0. Suppose p*r - 10*r = -312. What are the prime factors of r?
2, 3, 13
Suppose 254 = -3*g - 52. Let o = g + 134. What are the prime factors of o?
2
Let h be (-5)/5 + 4 + -13. Let q(b) = b**3 + 10*b**2 - 5*b + 5. What are the prime factors of q(h)?
5, 11
List the prime factors of (4/(-14))/((-1)/(-6524)*-4).
2, 233
Let p(k) be the third derivative of 13*k**5/30 + k**3/3 + 8*k**2. What are the prime factors of p(2)?
2, 53
Let f(u) be the third derivative of -u**6/30 + u**5/30 - u**3/6 + u**2. Let l be f(1). Let x(j) = -6*j + 2. List the prime factors of x(l).
2, 5
Suppose 0 = -3*f + 2*r + 1684, r + r = f - 556. What are the prime factors of f?
2, 3, 47
Suppose 6*g = g + 6450. List the prime factors of (-6)/10*8/((-48)/g).
3, 43
Let b(y) = -33*y**3 - 3*y**2 + 4*y + 19. What are the prime factors of b(-3)?
13, 67
Suppose 0 = 2*g + g - 219. Let v = 12 + g. List the prime factors of v.
5, 17
Let g(w) = 6*w**3 - 9*w**2 + 11*w + 1. List the prime factors of g(5).
7, 83
List the prime factors of (-45)/(-225) - 839/(-5).
2, 3, 7
Let d = -565 - -883. List the prime factors of d.
2, 3, 53
Let k(g) = 2*g**3 - 2*g + 2. Let r be k(-2). Let c be 6/r - 65/(-25). Let s = c + 14. What are the prime factors of s?
2
Suppose -8128 = -5*i + 3*v, 61*i - 59*i - 3249 = -v. What are the prime factors of i?
5, 13
Let d(y) = 77*y + 26. List the prime factors of d(4).
2, 167
Suppose 0*a + 2*a - 72 = 0. Let p = -6 + 6. Suppose p = 5*v - v - a. What are the prime factors of v?
3
Let k be 1/1*-15*(-6)/18. List the prime factors of (-5)/(1/34*(k - 7)).
5, 17
List the prime factors of (-680)/(-2) + 8/(-2).
2, 3, 7
Let o = -31 - -23. Let z(s) = s**3 + 11*s**2 + 8*s + 3. Let u be z(o). Suppose 5*v = -3*q + u, -2*v - 145 = -7*q + 4*q. What are the prime factors of q?
47
Suppose 0 = -2*s + 7*s + 255. Suppose -b + 4 = 4*c, 2*b + 3*c - 37 = -3*b. List the prime factors of (s + -1)/(b + -9).
2, 13
Suppose 0 = -8*u + 2433 + 1359. List the prime factors of u.
2, 3, 79
Suppose 4*j = 8*j + 16. Let l be (-204)/(-54) - j/18. Suppose -280 = -l*g - g. List the prime factors of g.
2, 7
Suppose 0 = 6*n - 9*n + 138. Suppose 2*x + 6*g = g + 93, -x = 2*g - n. What are the prime factors of x?
2, 11
Suppose -d + 140 = -3*k - 33, 3*d - 4*k = 524. Suppose -4*i - d = 4*m, 5*m + 66 = -3*i - 62. Let s = -26 - i. What are the prime factors of s?
2, 5
Let x(u) = -u**3 - 7*u**2 + 12*u - 9. What are the prime factors of x(-12)?
3, 7
Suppose -7*f - 3 = -31. Suppose f*n + 3*n = 616. List the prime factors of n.
2, 11
Suppose 0 = -20*o + 24*o + 24. List the prime factors of (104 - 18/o)*2.
2, 107
Let u = -8 - 0. Let m(c) = -4*c - 7. Let g be m(u). Suppose -5 = -3*v + g. What are the prime factors of v?
2, 5
Let i = 9 - 7. Suppose i*j - 3*l + 4 = 4*j, 5*l - 2 = -j. Suppose 3*u = j*u + 23. List the prime factors of u.
23
Let z(r) = r - 22. Let y be z(18). List the prime factors of (-1 - y) + 186 + 8.
197
Let r be (6/12)/(1/4). Suppose -r*t + 127 = 3*z, -2*t - 23 = -2*z - 135. What are the prime factors of t?
59
Let d = 992 - 427. List the prime factors of d.
5, 113
Suppose 3*i - 4*i - 11 = -5*s, -15 = -5*s. Suppose 0 = 2*t - 3*x - 2*x - 19, -4*t - i = 4*x. List the prime factors of (1 + -22)/(t - 3).
3, 7
Let c(t) = 32*t**2 - 6*t - 20. What are the prime factors of c(5)?
2, 3, 5
Let u(s) = 3*s**3 - 3*s**2 - 2*s - 7. List the prime factors of u(4).
3, 43
Let y be (4 + 4/(-1))/(-2). Let r be 2/(-1) - (-2 + 25). Let u = y - r. What are the prime factors of u?
5
Suppose -1446 - 1161 = -2*d + t, -4*d + 5*t = -5211. List the prime factors of d.
2, 163
Let b(f) = 4*f - 24. Let l be b(7). What are the prime factors of -3 + l + 2 - 1/(-1)?
2
Suppose 5*x = 3*t + 5876, 0 = 54*x - 56*x - 5*t + 2369. What are the prime factors of x?
11, 107
Let o(l) = -l**2 + 25. Let k be 0 - -12*8/12. Let f be ((-2)/k*0)/2. List the prime factors of o(f).
5
Let b be (16/10)/(4/(-60)). Let o be (-17)/(-4) + b/(-32). Suppose o*t - 380 = 4*y - 0*y, 149 = 2*t - y. What are the prime factors of t?
2, 3
Suppose -2*h + 4 = 8, z - 2079 = -4*h. What are the prime factors of z?
2087
Let m(g) = g**3 + 1. Let z(o) = 5*o**3 + 3*o**2 - 3*o + 8. Let k(c) = -4*m(c) + z(c). Let j be k(-4). Suppose -6*u + 2*u + 8 = j. List the prime factors of u.
2
Suppose x + 3*z + 510 = 2*x, -2*z - 1028 = -2*x. What are the prime factors of x?
2, 3, 43
Let h be (-8)/4*1 + 78. Suppose v - h = -v. What are the prime factors of v?
2, 19
Let s = 7 - 6. Let b = 9 - s. Suppose -3*v + b*v - 150 = 0. List the prime factors of v.
2, 3, 5
Let b be -6*(9 + -6 + -2). Let x = -47 + 11. List the prime factors of b/(-4) - x/8.
2, 3
Let b be -35 + -3*(-10)/(-15). Let g = 90 + b. What are the prime factors of g?
53
Let a(v) = -143*v - 126. List the prime factors of a(-16).
2, 23, 47
Let x = 108 - 8. Suppose 265 = 3*p + x. What are the prime factors of p?
5, 11
Suppose p - 3*p = -2. Let r be (-2 - 6/3) + p. What are the prime factors of (4 - 1)*(-28)/r?
2, 7
Let z = -454 - -230. Let c = -35 - z. List the prime factors of c.
3, 7
Let l(s) = 98*s - 133. What are the prime factors of l(26)?
3, 5, 7, 23
List the prime factors of (-16)/(-120) + (0 - (-67196)/30).
2, 5, 7
Let x = 32 - 27. Suppose a - 3 = 2*a. Let o = x + a. What are the prime factors of o?
2
Let z be 3 + 115/(1/1). Let a = z + 19. List the prime factors of a.
137
Let f(c) = -584*c + 19. List the prime factors of f(-1).
3, 67
Let m be (-36)/30*(-15)/(-2). What are the prime factors of (-2441)/m - 14/63?
271
Let f(i) = i**3 - i**2 - 2*i - 22. What are the prime factors of f(7)?
2, 3, 43
Suppose -78 + 1125 = i. List the prime factors of i.
3, 349
Let f(m) = -m**2 - 6*m - 3. Let o be f(-6). List the prime factors of (-447)/(-9) + 2/o.
7
Let c be 18/(-4) + (-12)/8. Let i = c + 12. List the prime factors of i.
2, 3
Let r = -4 + 4. Suppose r = k - 4*y - 26 - 29, -2*y + 73 = k. What are the prime factors of k?
67
Let w(z) = -8*z**2 - 18*z - 15. Let m(f) = -f**2 - f - 1. Let s(u) = -18*m(u) + 2*w(u). Let a be s(15). Suppose -4*o = -7*o + a. List the prime factors of o.
2, 7
Let f(i) = 33*i. Let y be f(1). Let n = -107 - -111. Suppose -85 + y = -n*h. What are the prime factors of h?
13
Let z = -5 + 7. Suppose -5*q 